 is the tens digit of ((-5256)/(-27))/(3/81*6)?
7
Suppose 3*q - 198 + 513 = 0. Let z = q - -300. What is the units digit of z?
5
Let c = -174 + 652. What is the hundreds digit of c?
4
Let w = 248 - 166. Suppose 78 = 4*j - w. What is the tens digit of j?
4
Let k(s) = s**2 - 31*s - 483. What is the tens digit of k(-41)?
6
Suppose 6832 = 5*a + 12*o - 14*o, -4*o - 4088 = -3*a. What is the hundreds digit of a?
3
Let i = -56 + 14. Let l = i - -66. What is the tens digit of l?
2
Suppose 7*d + 1890 = q + 10*d, -4*q + 7504 = -2*d. What is the tens digit of q?
7
Let a(o) = o**3 + 9*o**2 - o - 4. Let m be a(-9). Let y be (-2)/6 + (-3172)/(-12). What is the units digit of y/15 + 2/m?
8
Let j = 26 + -18. Let r be (-1)/((j/(-172))/2). What is the tens digit of (-5 + 7)*r/2?
4
Let w = 32 - 41. Let p = 107 - w. What is the units digit of p?
6
Let w be (-1)/(-3 - (-56)/20). Let i = w - 9. What is the units digit of 7 - (i + 4 + -3)?
0
Let n be 3 - (-3 - -4) - 0. Suppose 0 = -m + 2*q + 51, n*m + 0*q - 3*q - 101 = 0. Let g = m + -14. What is the tens digit of g?
3
Let x = 175 - -198. What is the tens digit of x?
7
Let r(t) = t**3 - t**2 + 2. Let b be r(0). Suppose 3*y + 14 = -b*u + 51, -5*y = -4*u - 69. Suppose -y = 3*j - 46. What is the tens digit of j?
1
Let s(k) = k**2 + k - 1. Let u(i) = 16*i**3 - 4*i**2 - 6*i + 6. Let y(o) = 5*s(o) + u(o). What is the tens digit of y(1)?
1
Suppose 5*v - 3*r - 377 = 0, -3 = -0*r - 3*r. What is the units digit of v?
6
Suppose 63*i = 64*i - 686. Suppose -4*p + 3*u + i - 171 = 0, 539 = 4*p + 5*u. What is the units digit of p?
1
Let r(l) = -l**3 + 12*l**2 + 11*l - 17. Let v(j) = j**3 - 13*j**2 - 11*j + 18. Let w = 17 - 20. Let f(n) = w*v(n) - 4*r(n). What is the units digit of f(10)?
4
Suppose -3*s + 18 = -3*u, -2*s + 0*s + 4*u + 4 = 0. Let c = s - 10. Suppose 0 = 2*l - 3*o - 25, l - 18 = -c*l - 4*o. What is the units digit of l?
4
Let s(q) be the third derivative of 0 + 0*q + 4/3*q**3 - 6*q**2 + 11/24*q**4. What is the units digit of s(4)?
2
Suppose 2*x - 4*z - 32 = 0, 2*x - 3*z - 1 - 28 = 0. Suppose -2*n + x = -n. What is the units digit of n?
0
Suppose -b = -2*b - 7. Let g(i) = 7*i**2 + 4*i + 16. What is the hundreds digit of g(b)?
3
Suppose -935 = -163*v + 162*v. What is the tens digit of v?
3
Suppose 0 = -h + 7*h - 6. Let t(k) = -5*k**3 + 1. Let i be t(h). What is the units digit of 0 + (-2 - i) + 29?
1
Suppose 0 = -3*q + 11 - 2. Let i(g) = 0 + 2*g - 2*g**3 + g**3 + q. What is the units digit of i(-2)?
7
Suppose 2477 = 3*c - 322. What is the hundreds digit of c?
9
Suppose 4*d + i + 16 = 0, 3*i = 2*d - 2*i - 14. Let p be 5 + -4*d/(-6). Suppose 0 = p*c - 4*g - 97, -c - c - 4*g = -58. What is the tens digit of c?
3
Suppose 0 = -4*g + 8*g - 36. Let t be g/(-6) - 35/(-2). Suppose -t*r = -13*r - 60. What is the units digit of r?
0
Let m = 1639 + -2352. What is the units digit of (4/(-6))/(3 - m/(-237))?
9
Let b(p) = -51*p - 23. Suppose -4 = -2*f - 12. What is the hundreds digit of b(f)?
1
Suppose 5*t - g - 49 = 0, -4*t + 3*t - 5*g = 11. What is the units digit of t?
9
Let q(s) = 4*s + 15. Let i(k) = -k + 0*k + 2*k. Let n(o) = -6*i(o) + q(o). What is the units digit of n(7)?
1
Suppose 0 = -2*l - 2, -5*z - 2*l + 7170 = -7*l. What is the hundreds digit of z?
4
Let d(q) = 9*q**2 - q - 26. What is the tens digit of d(9)?
9
Let s be 0/(3 + 3/(-3)). Suppose 0 = -4*q - s*q. What is the units digit of (15/(-12) - q)*-12?
5
Suppose 69*p - 66*p = 615. Suppose 3*v = -0*v + 3, 3*v = -a + p. What is the units digit of a?
2
Suppose -2*f + 6 = 2*u + 2*u, 0 = 2*f + 2*u. What is the units digit of -1 + 2 - -50 - f?
4
Suppose a + 288 + 549 = 4*c, -2*c + 426 = 2*a. Suppose -2*u + 3*u + 62 = n, -5*u = 3*n - c. What is the tens digit of n?
6
Let d(g) = -g**3 + 5*g**2 + 3*g + 6. Let q be d(4). Let p = 55 + q. What is the tens digit of p?
8
Suppose 22*k + 2*g + 21922 = 27*k, -2*k = g - 8776. What is the units digit of k?
6
Let y(h) = 25*h**3 + h**2 - h. Let n be y(1). Suppose 2*o + n = 5*d - o, 0 = o. Suppose 3*k - 6 = 0, 3*k - 28 - 118 = -d*q. What is the tens digit of q?
2
Suppose 0 = 4*k - 44 - 16. Suppose 3*q + 0*q - k = 0, -5*i + 5 = 5*q. What is the units digit of 19 - ((0 - -4) + i)?
9
Let p(z) be the second derivative of -z**5/60 + 3*z**4/4 - 2*z**3 + z**2/2 - 2*z. Let i(r) be the first derivative of p(r). What is the tens digit of i(16)?
2
What is the hundreds digit of (-4 - 748/(-16))*24?
0
Suppose 4*s - 2439 = -5*s. Let i = s - 181. What is the tens digit of i?
9
Let d(k) = -k + 1. Let p be d(-2). Suppose 0 = -p*f - 10*h + 5*h + 199, 0 = -4*f - 4*h + 268. Let x = -40 + f. What is the units digit of x?
8
Suppose -3*i + 191 = 2*w, -2*w - 9 + 221 = -4*i. Let q = w + -61. What is the tens digit of q?
3
Let l = 69 + 1085. What is the hundreds digit of l?
1
Let n = 607 - 231. Let f = n + -253. Suppose 5 + f = 4*d. What is the tens digit of d?
3
What is the tens digit of (2/(-8) + (-33 - -36))*232?
3
Suppose 5*d + 4*a = 423, a = d + d - 164. What is the tens digit of d?
8
Let x(j) = j**2 - 8*j - 6. Suppose -4*l = -3*i + 12, 2*i + 3*l = 2 - 11. Suppose 4*o + 16 - 52 = i. What is the units digit of x(o)?
3
Let n = 9 + -17. Suppose 116 - 203 = -3*o. Let t = o + n. What is the units digit of t?
1
Suppose 4*q - r - 11872 - 3410 = 0, 5*q - r - 19102 = 0. What is the units digit of q?
0
Suppose -7*t = -2*t + 65. Let h = t + 17. Suppose -2*n + 5*z + 17 = 0, -h*n + z = -71 + 10. What is the units digit of n?
6
Let h = -38 + 40. Suppose -3*o - 2*o + 475 = 5*m, 0 = -o + h*m + 80. What is the units digit of o?
0
Let k = 6 - 1. Let z(u) = u**3 - 6*u**2 - 5*u - 12. Let h be z(7). Suppose k = 3*a + 5*n - 3, -4*n - 42 = -h*a. What is the units digit of a?
1
Let g be (-1)/8*2*4*-29. Suppose 18*d - g*d = -3608. What is the tens digit of d?
2
Let c = -65 + 167. Let w be c/4 + (-8)/(-16). Suppose -3*r - 2*r + w = -2*m, -2*r + 4*m + 4 = 0. What is the units digit of r?
6
Let m = 48 - 27. Let s = m + -11. Suppose 5*k - s*k + 210 = 0. What is the units digit of k?
2
Suppose 0 = 11*x - 24131 - 16437. What is the tens digit of x?
8
Let r(n) = -11 + 0 - 5*n + 2 + n**2. Let v be r(7). Let d(c) = 3*c - 3. What is the units digit of d(v)?
2
Suppose 2*z - 188 = -k, -2*k - 2*z - 364 = -4*k. Let c = k - 77. What is the units digit of c?
7
Let z(y) = -y**3 - 21*y**2 - 28*y + 34. What is the tens digit of z(-20)?
9
Let j(w) = -w**2 - 12*w + 21. Let d be j(-17). Let u = -52 - d. What is the tens digit of u?
1
Let u = -194 + 622. What is the tens digit of u?
2
Let n(f) = f**2 - 7*f. Let i be n(7). Suppose i = g - 4*g - 6. What is the units digit of (129 + 3)/3 - g?
6
Suppose 5*l - 8 = -3*p, 1 = -6*l + 3*l + 4*p. Let v be l/(-5) + 22/10. Suppose 0 = v*d - 129 + 45. What is the tens digit of d?
4
Let g(p) = -13*p - 120. What is the tens digit of g(-35)?
3
Let d = 483 - 163. Suppose -4*v = -4*t + d, 1 - 261 = -3*t - v. Suppose t = 4*k - 79. What is the tens digit of k?
4
Suppose -4*m + 5*k = 0, 0*m = m - 2*k. Suppose r - 2*h - 86 = m, 0*r - 2*h = 4*r - 394. What is the units digit of r?
6
Suppose 0 + 2 = o. Let h(a) = 7*a**2 - 4*a + 4. What is the tens digit of h(o)?
2
Suppose -5*s - 416*k + 1653 = -419*k, 5*s + 2*k - 1648 = 0. What is the hundreds digit of s?
3
Let i = 557 - 194. What is the hundreds digit of i?
3
Let q(o) = -2*o + 22. Let f be q(12). What is the units digit of f/(-5) - 3/(-5)?
1
What is the units digit of (30/75)/((-4)/(-10)) - -1461?
2
Let u(d) = -4*d + 3. Let g be u(0). Suppose -56 = -4*v - 2*a, -5*a + 42 = g*v - 3*a. What is the units digit of v?
4
Suppose -3*d - 6 = -3*a, -a + 2 = 7. What is the tens digit of 44 - (d - (3 - 6))?
4
Let d be 54/(-10) - (-28)/70. Let a = -3 - d. Suppose a*f + 4*q = -2*f + 200, 2*f = 3*q + 115. What is the tens digit of f?
5
Let w = -3 - -7. Suppose 0*p - w*p = 172. Let i = 70 + p. What is the tens digit of i?
2
Let s(r) be the first derivative of 2*r - 5/2*r**2 + 5. What is the tens digit of s(-5)?
2
Suppose 9*n + 4760 = 16*n. What is the tens digit of n?
8
What is the tens digit of (20/(-8))/((-3)/12)?
1
Let j be 2/(-2)*65 + -3. Let o = 30 + j. Let c = 66 + o. What is the units digit of c?
8
Let d = -28 + 17. Let i = -7 - d. Let x = i - -4. What is the units digit of x?
8
Suppose -3*z + 4*z = -f + 1139, -f = -3*z - 1143. What is